e greatest common divisor of 40 and l?
20
Suppose -2*s = -15 - 105. Let a = 74329 + -74305. Calculate the highest common factor of a and s.
12
Let a be 3/(-8) - (4 + (-354)/48). Let u be (15/35)/(a/84). What is the greatest common factor of 88 and u?
4
Let h be 3 - ((-8)/(-4) - 6/3). Suppose -35 = -5*g - h*p + 79, -2*p - 52 = -2*g. What is the greatest common divisor of g and 168?
24
Suppose 5*l - a - 17366 = 0, 101*l = 106*l - 5*a - 17350. What is the greatest common divisor of l and 18?
18
Suppose f - 5 = 4*u, 3*u + 2 = f + 2*u. Suppose -f = -2*a + 1, -29 = -i + 3*a. Suppose 0 = x + 3*x - 1152. Calculate the highest common divisor of i and x.
32
Let l be (33/4)/((-272)/(-1088)). Let k = -178 + 453. What is the greatest common divisor of l and k?
11
Let i = -142 - -139. Let c be ((-1)/i)/(3 - 356/120). Calculate the highest common factor of c and 170.
10
Let m = 4913 + -2422. What is the greatest common divisor of 94 and m?
47
Suppose -139 = -5*m + 141. Let t be (-10)/(m/35 - 1*2). What is the highest common divisor of t and 75?
25
Let w = -5446 + 5455. What is the highest common divisor of 13518 and w?
9
Let b be (-456)/(-18) - 8/6. Let q = 966 - 750. Calculate the highest common divisor of b and q.
24
Suppose 5*g - 17*t = -20*t - 1230, g - 5*t = -218. Let s = g - -378. Calculate the highest common divisor of s and 189.
27
Let t = -49 - -46. Let p be -2 + 7 + 0/t. What is the greatest common divisor of p and 10?
5
Let y = 4528 - 2468. Suppose t - 442 = -2*i - 32, -y = -5*t - 5*i. Calculate the highest common divisor of 46 and t.
46
Suppose -2*f + 122 = -5*a, 4*f + 5*a = 3*a + 196. Let x(q) = q**2 - 43*q - 73. Let r be x(f). Calculate the highest common factor of r and 5.
5
Let o be (-2 + 18/4)*4. Let w be 4820/120 + o/12. What is the greatest common divisor of 779 and w?
41
Let w = -73 - -106. Suppose 47*x = 181 + 383. What is the greatest common factor of x and w?
3
Let v(s) = -113*s + 56. Let g be v(3). Let w = g - -302. What is the highest common divisor of 361 and w?
19
Let b(q) = q**2 + 3*q. Let f be 1/3*-9 + -1 + -1. Let k be b(f). Let s be -2*(-2)/(-12)*(-270)/k. Calculate the greatest common divisor of s and 63.
9
Let m be 9*((-595)/(-51) - 21)*9/(-4). Suppose -21 = -3*c + 2*c. Calculate the highest common divisor of m and c.
21
Suppose 0*g = 5*b - 5*g - 55, 0 = -b - 2*g + 2. Suppose 4623 = b*s - 1537. Calculate the highest common factor of s and 70.
70
Let f(c) = 3*c**3 + c**2 - 12*c + 14. Let i be f(7). Suppose 0 = t - 7*t + i. What is the highest common divisor of 126 and t?
42
Let m = -74 - -186. Suppose -6*s + 207 + 297 = 0. Calculate the greatest common factor of s and m.
28
Let p(g) = -293*g - 46. Let f be p(-1). What is the highest common factor of f and 26?
13
Let v = 18781 - 18077. What is the greatest common divisor of 682 and v?
22
Suppose -4*p - 29 = -41. Suppose -b - 11 = 2*f, -2*f + 24 = -p*b + f. Let i be (-379)/(-3) + b/27. What is the greatest common divisor of i and 18?
18
Let b(c) = c**3 - 2*c**2 - 6*c + 7. Let r be b(4). Suppose 20*d = r*d + 50. Suppose -d*m + 1110 = -5*m. Calculate the highest common divisor of 37 and m.
37
Suppose 0 = 6*f - f + 120. Let i(b) = b**3 + 14*b**2 + 20*b - 2. Let d be i(-12). Let a = f + d. Calculate the greatest common divisor of 55 and a.
11
Suppose 27 = 4*t - 13. Suppose 0 = 105*c - 124*c + 1045. What is the greatest common divisor of t and c?
5
Suppose -23*d + 19*d = -2*o + 6192, -5*d - 6190 = -2*o. What is the highest common divisor of 200 and o?
100
Let v be -15*(1/5)/((-1)/9). Suppose -222 + v = -5*n. Let t be (6/8)/(n/104). What is the highest common factor of 22 and t?
2
Let f(z) = -5*z + 75. Let b be f(14). Suppose b*q - 6*q - p = -241, 5*p = -2*q + 491. Calculate the highest common divisor of 14 and q.
14
Suppose -4*t - 2*t + 156 = 0. Suppose 22*i + 76 = t*i. Calculate the greatest common divisor of i and 57.
19
Suppose -11*n + 4*n - 28 = 0. Let t be 52 + (-4)/(-16) + (-15)/n. Suppose 4*j - j - 48 = 0. What is the greatest common divisor of t and j?
8
Suppose -5*i + 251 = -3*r + 4*r, -5*i - 2*r = -252. Suppose -8*z + 13*z - i = 0. Let q = 70 + z. Calculate the greatest common divisor of q and 10.
10
Let v(a) = 52*a**2 - a**3 + 20*a + 0*a**3 - 2*a - 33 - 39*a**2. Let f be v(14). What is the greatest common divisor of f and 23?
23
Suppose 4*t - t - 75 = 0. Suppose -22 = -4*z + s, 6*z - 2*s = 3*z + 14. Let k be (-15730)/(-90) + z/27. What is the highest common divisor of t and k?
25
Let j = -644 - -814. Let s = j + -114. Let p be 2/4*(1 + 31). What is the highest common factor of p and s?
8
Suppose 6*s = 3*s + 408. Let y = 2853 - 2836. What is the greatest common divisor of s and y?
17
Suppose 0 = -l + 8 + 10. Let x(m) = -8*m - 22. Let r be x(-4). Suppose r*h + 7 = 47. Calculate the highest common factor of h and l.
2
Let y(i) = i**3 + i. Let c be y(1). Suppose 0 = 9*p + 2 - c. Let h be ((-6)/(-15))/((p + -2)/(-20)). What is the highest common divisor of h and 20?
4
Let a = -47 - -99. Calculate the greatest common factor of a and 2236.
52
Let v be 45/(-39) + ((-44)/52 - -1). Suppose -7*d + 8*d = -183. Let x be (-61)/d + (250/(-6))/v. Calculate the highest common divisor of x and 14.
14
Let d be 5845*((-96)/208 + (-56)/(-65)). What is the greatest common divisor of d and 1503?
167
Suppose c + 9065 = 3*f, -2*f + 4*c - 1665 + 7715 = 0. Calculate the highest common factor of f and 171.
57
Let t(n) = -145*n**3 + 3*n**2 + 2*n + 2. Let h be t(-2). Let i(s) = s**2 - 17070*s - 102426. Let k be i(-6). What is the greatest common factor of h and k?
30
Let z be (6 - -5 - -38)/(2/18). What is the greatest common factor of 98 and z?
49
Let f(w) be the third derivative of w**5/60 - w**4/6 - 5*w**3/3 - 27*w**2 + 2. Let s be f(-3). Calculate the greatest common divisor of s and 99.
11
Let r = 15159 + -15138. Calculate the highest common divisor of 11970 and r.
21
Let u = 453 - 449. Suppose -5*h = u*k + k - 5, -13 = -k + 5*h. Suppose t + 54 = 3*t. Calculate the highest common factor of k and t.
3
Suppose 2*b - 159 = -11. Suppose -13*u + 134 = -b. Calculate the greatest common divisor of 40 and u.
8
Let y = 11715 - 8286. What is the highest common factor of y and 127?
127
Let f(g) be the second derivative of 2*g**3/3 + 20*g**2 - 6*g. Let i be f(-9). Let t be (-31)/(-2) + (-2)/(-4). Calculate the highest common factor of i and t.
4
Let z(p) = -277*p - 5424. Let k be z(-32). What is the greatest common factor of k and 60?
20
Let u(i) = -11*i - 890. Let a be u(-81). Calculate the highest common divisor of 321 and a.
1
Let g(l) = -3*l + 32. Let i be g(8). Let y be 478/i + (-21)/(-84). What is the greatest common divisor of y and 10?
10
Let x = -5971 - -6025. Calculate the highest common divisor of 138 and x.
6
Suppose 86*k - 58 = 88*k. Let i be ((-21)/35)/(1/(-5)). Let d = i - k. What is the greatest common factor of d and 8?
8
Let y = -29 + 363. Let o = -323 + y. Calculate the greatest common factor of 33 and o.
11
Suppose -100 - 182 = -3*b. Let c = 102 - b. Suppose c*t + 50 = 10*t. Calculate the greatest common divisor of 75 and t.
25
Suppose -119*o + 117*o = l - 172, -2*o = -3*l + 500. What is the greatest common factor of 432 and l?
24
Let d = -2595 - -3557. What is the greatest common factor of 74 and d?
74
Let u be ((-212)/(-3))/((-36)/(-54)). Let b = u + -61. Calculate the highest common divisor of 15 and b.
15
Suppose 0 = -2*n - 35 + 121. Suppose 2*c - 37 = n. Calculate the highest common factor of c and 60.
20
Suppose -494 = -19*z + 190. Let u = -58 - -82. Calculate the greatest common divisor of z and u.
12
Suppose -4*l + 1024 = 2*f + 2*f, 753 = 3*f - 2*l. Let s = 389 - f. Suppose 0 = -v + 4*b + 1, -4*v - b + 80 = 2*b. What is the highest common factor of v and s?
17
Suppose 0 = 3*j + 4*j - 98. Let l = j + 10. Suppose -890 = -5*o - 5*t + 50, o + 3*t = 180. Calculate the greatest common divisor of o and l.
24
Suppose -40 = -13*y + 25. Let l be (-27)/225*y - 33/(-5). Let h(p) = p**2 + 2*p - 6. Let c be h(4). What is the greatest common factor of c and l?
6
Suppose 0 = 7*v - 418 - 233. Let r = 95 - v. What is the highest common factor of 9 and r?
1
Let p = -2334 + 4254. Calculate the greatest common factor of 6 and p.
6
Let f = 90 - -154. Suppose 7*b - f = 666. What is the greatest comm